139 prime?
False
Is 42953 composite?
False
Is 11555 composite?
True
Is 120151 a prime number?
False
Is 683 a prime number?
True
Is 709321 prime?
True
Is 54907 prime?
True
Is 3809 composite?
True
Is 101929 a prime number?
True
Is 25247 a prime number?
True
Is 4751 prime?
True
Is 861473 a prime number?
False
Is 5388091 composite?
False
Is 6583 prime?
False
Is 11213 a prime number?
True
Is 1853161 composite?
False
Is 10807 prime?
False
Is 89653 a prime number?
True
Is 956837 a composite number?
True
Is 28921 a composite number?
False
Is 45295 a composite number?
True
Is 103067 prime?
True
Is 174661 prime?
False
Is 92987 a prime number?
True
Is 15097 a composite number?
True
Is 404377 a composite number?
True
Is 60811 a prime number?
True
Is 6285995 composite?
True
Is 23559 prime?
False
Is 15427 prime?
True
Is 9901 a composite number?
False
Is 2883631 a composite number?
False
Is 19099 a prime number?
False
Is 167711 prime?
True
Is 65323 composite?
False
Is 373939 prime?
False
Is 545021 prime?
False
Is 16201 a prime number?
False
Is 1245613 prime?
True
Is 40947 a prime number?
False
Is 51601 prime?
False
Is 1202933 composite?
True
Is 62437 composite?
True
Is 9131 a prime number?
False
Is 4197 composite?
True
Is 540118 a prime number?
False
Is 52567 a composite number?
False
Is 3097 composite?
True
Is 19883 composite?
True
Is 1544527 a prime number?
True
Is 18329 a prime number?
True
Is 901 a prime number?
False
Is 745 a composite number?
True
Is 31531 a composite number?
False
Is 5899 prime?
False
Is 27611 composite?
False
Is 3269395 composite?
True
Is 1268749 a composite number?
True
Is 11993 prime?
False
Is 2410571 a composite number?
False
Is 4376951 prime?
True
Is 2839359 composite?
True
Is 19621 a composite number?
True
Is 72553 a composite number?
True
Is 25287 composite?
True
Is 123659 a composite number?
True
Is 12938 a composite number?
True
Is 332837 a composite number?
False
Is 2216857 composite?
False
Is 486443 composite?
False
Is 24397 composite?
True
Is 3299 a prime number?
True
Is 655987 prime?
True
Is 262819 a prime number?
True
Is 112321 prime?
False
Is 10343 a composite number?
False
Is 107807 a composite number?
True
Is 20019 a composite number?
True
Is 123391 a composite number?
True
Is 46009 prime?
False
Is 25835 a prime number?
False
Is 77951 composite?
False
Is 64693 prime?
True
Is 456427 a composite number?
False
Is 18181 composite?
False
Is 1439 composite?
False
Is 10007 a prime number?
True
Is 5357 a composite number?
True
Is 23809 prime?
False
Is 288493 a prime number?
True
Is 1151 a composite number?
False
Is 565483 prime?
True
Is 7369 composite?
False
Is 117797 prime?
True
Is 36731 a prime number?
False
Is 6541 composite?
True
Is 3389 a prime number?
True
Is 39607 a composite number?
False
Is 30437 a prime number?
False
Is 22469 a composite number?
False
Is 6189 composite?
True
Is 17707 a composite number?
False
Is 431483 a prime number?
False
Is 35965 prime?
False
Is 2095 a composite number?
True
Is 21797 a composite number?
True
Is 1467022 a prime number?
False
Is 245351 composite?
True
Is 64267 a prime number?
False
Is 45523 a composite number?
False
Is 11371 composite?
True
Is 133379 a prime number?
True
Is 16621 a prime number?
False
Is 24197 a composite number?
False
Is 169553 a prime number?
True
Is 1364039 prime?
True
Is 2652511 composite?
False
Is 27901 a composite number?
False
Is 87881 composite?
False
Is 11107 a prime number?
False
Is 102967 composite?
False
Is 20897 a composite number?
False
Is 20453 a composite number?
True
Is 389999 a prime number?
True
Is 21467 composite?
False
Is 101219 a prime number?
False
Is 7207 a composite number?
False
Is 4317 composite?
True
Is 4127 a prime number?
True
Is 2777 a composite number?
False
Is 1651 a prime number?
False
Is 11281 a composite number?
True
Is 19529 prime?
False
Is 80637 prime?
False
Is 217393 a prime number?
False
Is 278633 prime?
False
Is 309073 a prime number?
False
Is 13669 a prime number?
True
Is 1291543 a composite number?
True
Is 12011 prime?
True
Is 904279 composite?
True
Is 1956511 prime?
False
Is 518497 composite?
True
Is 807113 composite?
False
Is 47023 prime?
False
Is 17903 composite?
False
Is 8207 a prime number?
False
Is 53759 a prime number?
True
Is 158993 a composite number?
False
Is 504367 prime?
False
Is 23147 a prime number?
False
Is 1016489 a prime number?
True
Is 765851 composite?
False
Is 263561 prime?
True
Is 6733 prime?
True
Is 235901 a composite number?
False
Is 3265 a composite number?
True
Is 14995 a composite number?
True
Is 379937 composite?
True
Is 222029 prime?
True
Is 4511 composite?
True
Is 4327 prime?
True
Is 5269 prime?
False
Is 1373189 a prime number?
True
Is 1461791 prime?
True
Is 1101127 a prime number?
True
Is 18539 prime?
True
Is 3930041 a prime number?
False
Is 127481 a composite number?
False
Is 45233 a prime number?
True
Is 3821 a prime number?
True
Is 21963 a prime number?
False
Is 19715 prime?
False
Is 10313 a composite number?
False
Is 239927 a prime number?
False
Is 949889 a prime number?
True
Is 44435 composite?
True
Is 16331 a prime number?
False
Is 557999 a prime number?
False
Is 20611 a composite number?
False
Is 2333 composite?
False
Is 420997 a prime number?
True
Is 7409 prime?
False
Is 700127 a composite number?
False
Is 29483 composite?
False
Is 525809 composite?
False
Is 1461491 prime?
False
Is 194343 a composite number?
True
Is 518291 composite?
False
Is 529411 a composite number?
False
Is 4754483 composite?
True
Is 17657 a composite number?
False
Is 810577 prime?
False
Is 1033547 prime?
False
Is 2579 prime?
True
Is 229883 a prime number?
False
Is 65233 composite?
True
Is 52103 prime?
True
Is 6022 a prime number?
False
Is 29191 a prime number?
True
Is 12131 prime?
False
Is 13123 a composite number?
True
Is 1285265 prime?
False
Is 107021 prime?
True
Is 10603655 a composite number?
True
Is 707143 a composite number?
False
Is 1065433 prime?
True
Is 54949 a prime number?
True
Is 38137 a prime number?
False
Is 283213 a prime number?
False
Is 78711 composite?
True
Is 29621 composite?
True
Is 1478389 a prime number?
False
Is 351865 a prime number?
False
Is 28761 a composite number?
True
Is 1405487 prime?
False
Is 12149 a composite number?
False
Is 10831 prime?
True
Is 635 a composite number?
True
Is 10427 prime?
True
Is 325379 a composite number?
False
Is 768257 prime?
False
Is 1735 a composite number?
True
Is 315667 a composite number?
True
Is 567899 composite?
False
Is 53527 prime?
True
Is 572137 composite?
False
Is 3691 composite?
False
Is 21587 a composite number?
False
Is 159535 a composite number?
True
Is 31 prime?
True
Is 1444613 composite?
False
Is 13683 composite?
True
Is 1122367 a composite number?
False
Is 100587 a composite number?
True
Is 403945 prime?
False
Is 46783 composite?
True
Is 4853 prime?
False
Is 317329 a prime number?
False
Is 714661 composite?
True
Is 134009 a composite number?
True
Is 3494 composite?
True
Is 18641 a prime number?
False
Is 130877 composite?
True
Is 1061 a prime number?
True
Is 25031 composite?
False
Is 174787 composite?
True
Is 2157593 a prime number?
False
Is 39199 a composite number?
False
Is 1174183 composite?
True
Is 51247 composite?
True
Is 790763 a composite number?
True
Is 56102 a prime number?
False
Is 35797 prime?
True
Is 85857 a composite number?
True
Is 558223 prime?
True
Is 3763 a prime number?
False
Is 19187 a composite number?
True
Is 166541 a composite number?
False
Is 18743 composite?
False
Is 31357 a composite number?
False
Is 1681 a prime number?
False
Is 3867 composite?
True
Is 16079 composite?
True
Is 1655 composite?
True
Is 2326 a composite number?
True
Is 577081 composite?
False
Is 211363 a composite number?
True
Is 23687 a prime number?
True
Is 210845 a prime number?
False
Is 1777541 composite?
False
Is 72563 prime?
False
Is 26021 a composite number?
False
Is 111729 a composite number?
True
Is 36731 a prime number?
False
Is 17011 a prime number?
True
Is 15551 composite?
False
Is 11751 composite?
True
Is 187043 composite?
False
Is 270667 a prime number?
True
Is 108074 a prime number?
False
Is 99241 a prime number?
True
Is 1795 prime?
False
Is 11411 composite?
False
Is 1319 prime?
True
Is 361069 a composite number?
False
Is 3163 a compos